is the greatest common factor of 672 and 27520122?
42
Calculate the highest common divisor of 1252 and 2972561.
313
Calculate the greatest common divisor of 117 and 55143.
9
Calculate the highest common factor of 13778885 and 170.
5
What is the greatest common factor of 7554396 and 7176?
276
Calculate the greatest common divisor of 146415 and 2712650.
1135
What is the highest common factor of 664 and 25004248?
664
What is the greatest common factor of 10 and 2529334?
2
Calculate the highest common divisor of 70495725 and 25.
25
Calculate the greatest common factor of 192 and 4702056.
24
Calculate the highest common factor of 12244 and 136372.
4
What is the highest common divisor of 3612 and 30745?
43
Calculate the greatest common divisor of 158 and 216887706.
158
Calculate the highest common divisor of 685 and 753637.
137
Calculate the highest common factor of 300 and 146907400.
100
Calculate the greatest common factor of 3987321 and 78.
39
What is the greatest common divisor of 6037171 and 21?
7
Calculate the highest common factor of 75 and 204919.
1
Calculate the greatest common factor of 25544507 and 2.
1
What is the greatest common factor of 36715268 and 6716?
92
Calculate the highest common factor of 29628 and 108666.
18
Calculate the highest common factor of 1762966 and 5668.
218
Calculate the greatest common divisor of 2304 and 69872688.
144
What is the greatest common factor of 20 and 937890?
10
What is the highest common divisor of 74580 and 10266276?
1356
What is the greatest common divisor of 664 and 983352?
8
Calculate the highest common divisor of 144921 and 473388.
309
What is the highest common divisor of 1383785 and 20?
5
What is the greatest common factor of 25330 and 35122?
34
What is the greatest common factor of 3149 and 766279?
67
What is the highest common divisor of 54558140 and 1190?
70
Calculate the greatest common factor of 25121740 and 210.
70
What is the highest common factor of 167939885 and 445?
445
Calculate the highest common divisor of 444 and 13583958.
222
Calculate the highest common divisor of 28520 and 18200.
40
Calculate the highest common factor of 31659112 and 9.
1
Calculate the highest common divisor of 36007000 and 8.
8
Calculate the greatest common factor of 486829 and 281316.
119
Calculate the highest common divisor of 1108416 and 3384.
24
Calculate the highest common divisor of 62820862 and 689.
13
What is the highest common divisor of 1790 and 10049418?
358
What is the highest common divisor of 8187 and 108090232?
2729
What is the highest common divisor of 290 and 104474530?
290
Calculate the highest common divisor of 77923 and 172231.
29
Calculate the greatest common factor of 230609 and 878447.
1333
Calculate the highest common divisor of 10527 and 14620089.
957
What is the greatest common factor of 21623 and 1868845?
3089
What is the greatest common divisor of 154670 and 4135?
5
Calculate the greatest common divisor of 342983616 and 4432.
4432
What is the greatest common factor of 1055 and 27954335?
1055
Calculate the highest common factor of 17598 and 1362169.
419
What is the highest common divisor of 2056433 and 3103?
107
Calculate the highest common divisor of 10205 and 133965.
65
What is the highest common divisor of 1082455 and 155?
5
Calculate the greatest common factor of 6692024 and 26720.
1336
What is the greatest common factor of 2806 and 608258?
46
Calculate the greatest common factor of 12964444 and 1060196.
8348
What is the highest common factor of 772 and 1543228?
772
What is the greatest common divisor of 486840 and 1980?
60
What is the highest common divisor of 9890593 and 467?
467
What is the highest common factor of 51642496 and 56?
8
Calculate the highest common divisor of 19208912 and 1428.
68
What is the highest common factor of 156 and 178073649?
39
What is the highest common divisor of 251565 and 82398?
93
Calculate the greatest common factor of 207273 and 14520.
363
What is the highest common factor of 512 and 30122752?
256
What is the greatest common divisor of 72709901 and 34?
17
Calculate the highest common divisor of 1996638 and 11798.
694
What is the greatest common factor of 69508872 and 8?
8
What is the highest common divisor of 779427780 and 80?
20
What is the greatest common factor of 518304632 and 184?
184
What is the highest common factor of 1540 and 222948110?
770
What is the greatest common divisor of 570696 and 8216?
632
What is the greatest common factor of 578 and 44788931?
289
What is the greatest common divisor of 1590552 and 558?
18
Calculate the highest common divisor of 987428810 and 635.
635
What is the greatest common divisor of 982660 and 13440?
140
What is the highest common divisor of 7839848 and 2241?
83
Calculate the greatest common divisor of 38 and 493458310.
38
Calculate the highest common divisor of 768 and 181636864.
256
Calculate the greatest common divisor of 2754 and 153014.
2
What is the highest common factor of 13824 and 4722?
6
What is the highest common divisor of 16386273 and 1998?
27
What is the greatest common factor of 134775 and 904725?
225
What is the highest common factor of 1136166 and 2352?
6
Calculate the greatest common divisor of 2805 and 4301.
187
Calculate the greatest common divisor of 260603 and 371287.
413
What is the highest common divisor of 488295 and 3195?
45
Calculate the highest common factor of 5018 and 8191306.
386
What is the greatest common factor of 84 and 1359498?
42
What is the greatest common factor of 231 and 117367965?
33
What is the highest common divisor of 120 and 29387448?
24
Calculate the highest common factor of 146797963 and 326.
163
What is the highest common divisor of 108 and 12024?
36
Calculate the greatest common factor of 72 and 6580404.
36
What is the greatest common factor of 33734893 and 13769?
281
Calculate the highest common factor of 457866 and 2867.
61
What is the highest common divisor of 324 and 54281316?
12
Calculate the greatest common factor of 7868 and 58.
2
What is the greatest common divisor of 6626765 and 1175?
235
What is the highest common divisor of 8877 and 4422?
33
What is the greatest common factor of 240 and 102283170?
30
What is the greatest common divisor of 22 and 54535217?
11
Calculate the greatest common divisor of 9889599 and 10011.
141
Calculate the highest common divisor of 5269341 and 273.
21
Calculate the greatest common factor of 1533 and 564033624.
1533
What is the highest common divisor of 11289 and 15105?
159
Calculate the highest common factor of 19 and 402406909.
19
Calculate the highest common factor of 10 and 142046834.
2
Calculate the highest common factor of 2766716 and 42228.
1564
Calculate the greatest common factor of 61823 and 192221.
211
What is the greatest common factor of 507532 and 12?
4
Calculate the greatest common factor of 381060 and 131911.
73
Calculate the greatest common factor of 1330 and 8629990.
190
Calculate the greatest common divisor of 145020 and 3780.
60
What is the highest common factor of 4152897 and 104463?
1971
Calculate the highest common factor of 120 and 30561450.
30
What is the highest common divisor of 2584 and 19391407?
17
Calculate the greatest common divisor of 225913020 and 5640.
2820
What is the highest common factor of 6357 and 1649397?
489
Calculate the greatest common divisor of 17612 and 1267700.
28
What is the highest common divisor of 19868938 and 1390?
278
What is the greatest common divisor of 24202039 and 2234?
1117
Calculate the highest common factor of 42084 and 12565581.
3507
What is the greatest common factor of 138 and 9312?
6
Calculate the highest common factor of 60684 and 189124.
52
Calculate the highest common divisor of 4978857 and 10140.
39
What is the highest common factor of 515319810 and 30?
30
Calculate the highest common factor of 28 and 46680326.
14
What is the highest common factor of 197 and 57366400?
197
Calculate the highest common divisor of 44 and 7173386.
22
Calculate the highest common factor of 864 and 21686508.
108
Calculate the greatest common divisor of 45006 and 2404714.
26
Calculate the greatest common factor of 580 and 19064740.
20
Calculate the greatest common divisor of 1619250 and 23114.
254
Calculate the highest common divisor of 70 and 23953740.
10
Calculate